.
2, 7
Let y be (-4 + 1)*(-5)/3. Let h(p) = -y*p**2 - 3 + 6*p**3 + 5*p - 6*p + 5*p. List the prime factors of h(3).
2, 3, 7
Let c = -24 + 143. Suppose 5*q = 144 - c. Suppose -264 = -q*y + 406. What are the prime factors of y?
2, 67
Let r be -3*((3 - -2) + 1). What are the prime factors of (-3)/12 - r/8 - -41?
43
Let z = -45202 + 67127. List the prime factors of z.
5, 877
Let q(y) = 250*y**2 + y - 3. Suppose -5*p - 5 = -x, 3*x + 15 = -0*x. What are the prime factors of q(p)?
5, 199
Suppose -284424 = -4*d - 8*k, 0 = d + 428*k - 431*k - 71111. What are the prime factors of d?
2, 29, 613
Let f = 2048 + -3953. Let z = f - -1286. Let p = -421 - z. List the prime factors of p.
2, 3, 11
Let a(d) = 5 + d**3 - 6*d**2 - 2*d - 4*d - 7. Let n be a(7). Suppose -4*j + 143 = 3*m - 112, -4*j + 433 = n*m. List the prime factors of m.
89
Let j = -227 + 848. Suppose 4*n = -i + 847, n + j = 4*n - 4*i. What are the prime factors of n?
211
Suppose -23580 = -3*c - 3*h, -4*c + 32301 = -4*h + 853. List the prime factors of c.
7, 1123
Let f(b) = -58*b**3 - 27*b**2 - 121*b - 3. List the prime factors of f(-5).
7177
Suppose -1 + 16 = 3*l, 310 = 5*d + 3*l. Suppose 752 = 3*k + d. Suppose -22*f = -25*f + k. List the prime factors of f.
7, 11
Let b(x) = -3*x - 2 - 2*x**3 + 7*x**3 + 2*x**2 - 3*x**3. Let r be b(-2). What are the prime factors of 4296/60 + r/(-10)?
2, 3
Suppose v - 2871 = -d, -524*d = -528*d - 5*v + 11483. What are the prime factors of d?
2, 359
Suppose -2*d - d + 6 = 0. Suppose 43 = 3*a - 2*y + 6*y, -d*y + 2 = 0. What are the prime factors of a?
13
Let z be (-1)/(-2)*9 - (-7)/14. Suppose 7*o - 604 = z*o. Suppose -3*n + 5*n = -2*x + o, -5*n - 25 = 0. List the prime factors of x.
2, 3, 13
Suppose -y = 10*p - 289247, 20*p = 25*p + 2*y - 144634. What are the prime factors of p?
2, 7, 1033
Let q(m) = m**2 + 19*m - 55. Let g be q(-22). Suppose 11*k - 26070 = -g*k. What are the prime factors of k?
3, 5, 79
Let h(i) = -29*i + 19. Let k be h(-8). Let x be ((-10)/(-8))/(3/12). Let t = x + k. List the prime factors of t.
2
Suppose 5060 = 9*c - 223. What are the prime factors of c?
587
Let m(k) be the third derivative of -4*k**2 + 1/24*k**4 + 0 - 2/3*k**3 + 0*k. List the prime factors of m(13).
3
Suppose -4*d = 7 + 9, -u - d = -685. Let w = 113 + u. What are the prime factors of w?
2, 401
Let f(j) = 6*j**3 + 7*j**2 - 14*j. Let l be f(5). Let w = l - 707. What are the prime factors of w?
2, 37
Suppose -95786 = -3*f + 5*u, -86069 - 41643 = -4*f + 4*u. What are the prime factors of f/91 + 6/39?
3, 13
Let y = -2414 + 3081. List the prime factors of y.
23, 29
Let a(b) = 5*b**2 + 12*b + 1. Let s(h) = -14*h**2 - 37*h - 4. Let o(v) = 11*a(v) + 4*s(v). List the prime factors of o(-14).
23
What are the prime factors of (-4080136)/(-532) + 6/(-14)?
7669
What are the prime factors of (-8)/20*15*-28114*1/6?
2, 14057
Suppose 45*j - 953513 + 31913 = 0. List the prime factors of j.
2, 5
Suppose 0 = -3*g - 2*t - 36, 5*g - 5*t = -0*g - 60. Let z(f) = 4*f - 26. Let k be z(4). What are the prime factors of 7876/55 - (g/k - 1)?
11, 13
Suppose -11*t + 15*t = -156. Suppose 0 = 4*u - 4*v - 280, u - 71 = -5*v + 29. Let q = t + u. What are the prime factors of q?
2, 3
Let u = 4884 - 1421. What are the prime factors of u?
3463
Let u be (-480 - 3)*-1 - (3 - 6). Let i = u + -185. List the prime factors of i.
7, 43
Let q(f) = -f**2 - f - 1. Let t(o) = 5*o**2 + 27*o - 72. Let j(k) = q(k) + t(k). What are the prime factors of j(-19)?
877
Let a(h) be the first derivative of -11*h**4/4 + 2*h**3/3 + h**2 + 2*h + 141. List the prime factors of a(-4).
2, 5, 73
Let g(n) = 20*n - 302. Let d be g(15). Let y = 15 - 23. List the prime factors of 3*(y/(-60))/(d/(-530)).
2, 53
Let j(t) = -35*t**3 + 2*t**2 + 7*t - 1. Let r be j(-2). Suppose -2*m + 522 = 2*d, 0 = -4*m + 3*m - 4*d + r. List the prime factors of m.
257
Let b = -369 - -379. Suppose -b*u + 9*u - 63 = -3*t, -2*t - 4*u = -56. What are the prime factors of t?
2, 11
Let r = -403 + 1139. Suppose 5*o = -b + 205, -5*b + 193 + r = o. Let q = 321 - b. What are the prime factors of q?
2, 17
Let q = -294 - -361. Suppose 0 = -b + 2*g + 715 - q, -3*b + 1958 = g. List the prime factors of b.
2, 163
Let l = -13713 - -23475. What are the prime factors of l?
2, 3, 1627
Let h(p) = p**3 - 10*p**2 + 2*p - 17. Let w be (-4)/(-10) - (-96)/10. Let u be h(w). Suppose 2*s + u*s = 10. List the prime factors of s.
2
Suppose 3*x - 8*x = -35. Suppose g + x*g = 24. Suppose -2*l + g*l = 4*d + 146, -5*l - d + 709 = 0. List the prime factors of l.
2, 71
Let o(f) = f**3 + 8*f**2 - 11*f - 17. Suppose x - 3 = 5*h, 4*h + h - 4 = 2*x. List the prime factors of o(x).
109
Suppose 0 = -14*v + 44982 + 615664. List the prime factors of v.
47189
Let w be 7*6/126*276. Let u = 199 + w. List the prime factors of u.
3, 97
Suppose 6*l - 5*l - 20262 = -4*o, 5*o - l - 25341 = 0. What are the prime factors of o?
3, 563
Suppose 0 = 25*o - 714148 + 118323. List the prime factors of o.
23833
Suppose 0 = 451*v - 28*v - 10214745 + 2190858. List the prime factors of v.
3, 6323
Let b(j) = -84*j - 75. Let f be b(-18). List the prime factors of 0 + 6 - f/(-3).
5, 97
Let m(g) = -12*g. Let k be (-30)/(-50) + 4/10. Let z be m(k). What are the prime factors of ((-266)/(-42))/((-2)/z)?
2, 19
Let l = -232 - -240. Suppose 57*r - l*r = 47432. What are the prime factors of r?
2, 11
Let n(p) = 3*p - 3. Let j(i) = -i. Let o(l) = -18*j(l) + 2*n(l). Let t be ((-65)/10 - -7)/(9/72). What are the prime factors of o(t)?
2, 3, 5
Let m = 11691 - 8050. List the prime factors of m.
11, 331
Let i(k) = -267*k - 120. Suppose 0 = -4*b - 4, -2*b - 2 = 2*j + 10. List the prime factors of i(j).
3, 5
Suppose -k + l + 16 = k, 3*k + 4*l - 2 = 0. Suppose 12*x = k*x + 36. Let j(n) = 8*n**2 - 13*n - 11. List the prime factors of j(x).
199
Let p = -19785 - -35162. What are the prime factors of p?
15377
Suppose 7*d - 328 = 5*d. Suppose -98 = -2*r + 5*b, -d = -3*r - 3*b + 2*b. List the prime factors of r/(2/(-14) - 27/(-42)).
2, 3
Suppose -180*m + 200096 = -11*m. List the prime factors of m.
2, 37
Let q(w) = 20*w**2 + 11*w + 15. Suppose 15 = 2*v + 3*o, -7 - 24 = -5*v - o. List the prime factors of q(v).
3, 89
Let j(h) = -458*h. What are the prime factors of j(-3)?
2, 3, 229
Suppose -29*h = -8*h - 210. Suppose h*b = -i + 14*b + 1072, -2*b = -4*i + 4232. What are the prime factors of i?
2, 3, 11
Suppose -4*h + 11710 = -6*b + 8*b, -h = 4*b - 2938. Suppose 0 = -5*l + 4049 + h. List the prime factors of l.
3, 5, 31
List the prime factors of (1497104/252)/((-8)/(-4) - 32/18).
2, 13367
Suppose 81*y + 1240 = 83*y. Let m = 357 + y. List the prime factors of m.
977
Let z be -261 + (-27)/18*(-8)/(-6). Let l be 0 + (3 - z - 0). Suppose 3*c - 76 = l. What are the prime factors of c?
2, 3, 19
Let x be (14 + 640)/(6/(-4)). Let a be x/16 + (-1)/(-4). Let w(l) = -l**3 - 26*l**2 + 22*l + 65. List the prime factors of w(a).
2, 5
Let x = 8319 + 15102. What are the prime factors of x?
3, 37, 211
Let g(p) = p**2 + 12*p + 41. Let l = 143 - 133. List the prime factors of g(l).
3, 29
Let s be 0/(-8 - (-3 + -4)). Suppose 4*p - 1627 = -4*y - y, s = -y + p + 320. List the prime factors of y.
17, 19
Suppose -s + 61 = -4*s - x, 3*s = 5*x - 55. List the prime factors of 21*(s/16 - 3)*-4.
3, 7, 17
Let y(l) = -10*l - 29. Let q be y(10). Let g = q + -124. Let i = g + 354. What are the prime factors of i?
101
Let i be (-4)/6 - ((-88)/(-12))/(-2). Suppose 0 = -19*u + i*u + 720. List the prime factors of 9/u*-5 - (-1 + -211).
211
Suppose -4*l + 50336 = t, -40800 = -9*l + 5*t + 72456. What are the prime factors of l?
2, 11, 13
Let a(l) = 353*l**2 + 137*l + 1250. List the prime factors of a(-10).
2, 5, 1759
List the prime factors of (-3)/8*-4 + (-248735)/(-100)*10.
5, 199
Let d be -14 - -42 - 0/1. Suppose 5*j - 3*q = 38, 0 = -4*j - q + d + 16. List the prime factors of (211 - j)/(0 + 1).
3, 67
Let f(g) = -8*g + 4. Let z be f(5). Let o be 2 - (z - (-2 + 2)). Suppose -o + 99 = r. What are the prime factors of r?
61
Let v(s) = -6*s - 20. Let i be v(-4). Suppose -43 = -3*u + 2*u - 3*p, -165 = -i*u - 5*p. List the prime factors of u.
2, 5
Let d be (3/(-5))/(3/(-15)). Suppose 17*s = 13*s + d*a + 2008, 3*s = 2*a + 1506. List the prime factors of s.
2, 251
Suppose 0 = 2*b + 3*f, 5*f = -2*b -